 the greatest common divisor of f and h?
5
Suppose -13*r + 10*r - 3 = 0, 3*r + 4183 = 4*d. Calculate the highest common divisor of 55 and d.
55
Let a(p) = -41*p + 360. Let h be a(0). Calculate the greatest common divisor of h and 40.
40
Let x(p) = p**3 - 7*p**2 + 8*p - 4. Let l be x(6). Let t be (18 - l)*6/5. What is the highest common divisor of t and 96?
12
Let c = 1152 + -448. What is the greatest common divisor of c and 22?
22
Let f = 100 + -96. Let m(d) = -3*d - 15. Let a be m(-13). What is the highest common factor of f and a?
4
Let a(r) = 3*r - 2. Let u be a(2). Suppose -3*n = k - 13, -6*n + 4*n + u*k = 10. Let d be ((-240)/(-50))/(n/20). What is the greatest common divisor of d and 4?
4
Let d(w) = -w**3 + 9*w**2 - 8*w - 2. Let j be d(7). Let l be ((-5)/20 - (-58)/(-24))*-30. Calculate the greatest common divisor of j and l.
40
Suppose 2*c - 15 = -3*l, 3*l + 2*c - 8 = l. Suppose 0 = -3*i - i. Suppose 3*u - 129 + 24 = i. Calculate the highest common divisor of l and u.
7
Let r(j) = j**2 - 13*j + 3. Let h be r(13). Suppose -h*a + 6*a - 180 = 0. Calculate the highest common factor of a and 90.
30
Let w = 6845 + -6838. Let c be (5/2)/((-2)/(-28)). Calculate the highest common divisor of w and c.
7
Let x = 92 - -38. Let i = 69 - x. Let c = -43 - i. What is the highest common factor of 2 and c?
2
Let s(k) = 3*k**2 + 5*k - 24. Let n be s(-8). Suppose 11*o - 37 - n = 0. Calculate the highest common factor of 15 and o.
15
Suppose 4 + 29 = 3*p. Let j = -30 + 34. Suppose -5*x - 2*i + 229 = -5*i, 0 = 2*x + j*i - 76. What is the highest common factor of x and p?
11
Let x = 326 - 222. Calculate the greatest common factor of x and 26.
26
Suppose -2*o + 24 + 6 = -3*c, -o - 5*c = -2. Suppose -5*y = -2*y - o. Suppose y*t - 3*t = 48. Calculate the greatest common divisor of t and 6.
6
Let n = 45 - 192. Let s = -27 - n. What is the highest common factor of 30 and s?
30
Suppose 0 = -3*a + 7*a - 24. Suppose 0 = -a*i + 15 + 9. Suppose 4*j = 5*j - i. What is the highest common factor of 28 and j?
4
Suppose -3*p = 14 - 2. Let w be (-4)/(16/p)*-1. Let d be (17 - 5) + 0/w. Calculate the highest common factor of d and 24.
12
Let r = 2441 + -1650. Calculate the greatest common divisor of 113 and r.
113
Suppose -6*x + 24 = -2*x. Suppose -4*w - 3*i = -27, -4*i + 23 + x = 3*w. What is the highest common divisor of w and 1?
1
Let y(w) = w + 24. Let i = -53 - -47. Let m be y(i). Calculate the highest common factor of m and 63.
9
Let y be (1/(-5) - 48/(-15))*6. Calculate the highest common factor of y and 96.
6
Suppose 4*x + 14 = -6, -c + 4*x + 2312 = 0. Calculate the highest common factor of 12 and c.
12
Let a be 134 - (3 + 1 - (-13 + 23)). Calculate the greatest common divisor of a and 252.
28
Let w(v) = v**2 + 6*v + 3. Let a be w(-6). Let f(m) = m**3 - 23*m**2 + 140*m - 75. Let l be f(12). What is the highest common divisor of l and a?
3
Let f be ((-22)/(-4))/((-4)/(-8)). Let p = 59 - f. Let z = -20 + 36. Calculate the greatest common divisor of z and p.
16
Suppose 3*z - 974 = 973. Calculate the greatest common divisor of z and 295.
59
Suppose -4*r + 1 = -j - 9, 5*r + j = 17. Suppose r*t = 3, 3*b + 5*t - 19 - 10 = 0. Calculate the highest common divisor of b and 8.
8
Let w be (-6)/(-1)*34/(6 - 4). Calculate the highest common factor of 306 and w.
102
Let p = -97 + 12. Let h = -71 - p. Let j(q) = -14*q**3 + q**2 + 2*q. Let n be j(-2). Calculate the highest common divisor of n and h.
14
Suppose 1770 = 14*y - 4*y. Suppose -111 - y = -2*p. Calculate the greatest common factor of 18 and p.
18
Let n be 6/12*-78*(1 - 3). What is the highest common divisor of 117 and n?
39
Suppose -y = 3*n - 69, -n = -y + 2*n + 57. Calculate the highest common divisor of y and 21.
21
Let c be (-5)/15 - (-318)/9. Let b be (56/c)/(2/20) + 1. Calculate the greatest common divisor of b and 136.
17
Let s be (0 - 2/1) + 17/17. Let j be (s + 9)/(1 - 0). Calculate the greatest common divisor of j and 16.
8
Let u be -88*((-18)/42)/(4/7). Calculate the greatest common divisor of 2706 and u.
66
Let c(b) = -b**2 - 24*b - 61. Let q be c(-6). Calculate the greatest common divisor of q and 1081.
47
Suppose 1828 = 32*o - 284. Calculate the greatest common divisor of o and 165.
33
Let i(a) = -a**2 - 14*a - 18. Let j be i(-12). Let g(k) = 21*k - 12. Let f be g(2). What is the highest common factor of j and f?
6
Let s(v) = 13 + 7 + 15*v + 5*v + 7*v. Let o be s(4). Suppose -f - 3*f = -64. What is the greatest common divisor of f and o?
16
Let p be 2/(-1)*1 + 3. Suppose 3 = x + p. Suppose y - 2*n = 34, x*y + 4*n - 44 - 8 = 0. What is the greatest common divisor of y and 5?
5
Suppose -7*w + 87 = -53. What is the greatest common factor of w and 1420?
20
Let r(f) = -160*f + 567. Let o be r(0). What is the highest common divisor of o and 243?
81
Let n be (-1)/(-5) - (-2 + (-1396)/20). Calculate the greatest common factor of 696 and n.
24
Let i be 3 - 12/3 - -1 - -15. Suppose -20*w = -i*w - 75. Calculate the highest common factor of 20 and w.
5
Let h be (-8)/(8/(-3)) + (0 - 5). Let o be (68/(-3))/(h/3). What is the highest common factor of o and 136?
34
Suppose 35*p - 161 = -21. What is the highest common divisor of p and 172?
4
Let x = -60 - -152. Let g = -61 + x. What is the greatest common factor of 155 and g?
31
Let f(m) = m**3 - 4*m**2 - 2. Let x be f(4). Let v be 3 + 92 + x - 3. Let l(s) = 4*s - 2. Let d be l(3). Calculate the highest common divisor of v and d.
10
Let m(c) = c**2 + 35*c + 146. Let u be m(-37). What is the greatest common factor of 88 and u?
44
Let w be 149/2 + (-1)/(-2). Let u = 132 - 130. Suppose 4*q + 150 = 5*j - q, 0 = -u*q - 10. What is the highest common divisor of j and w?
25
Let u(j) = j + 13. Let x be u(-4). Suppose 0 = 3*k - 191 - 151. Let m = -69 + k. Calculate the greatest common factor of m and x.
9
Let n = 49 - -168. Suppose -753 = 5*u + n. Let g be u/(-7) - (-2)/7. Calculate the greatest common divisor of 56 and g.
28
Let j be ((-12)/(-8))/(1/14). Let i = 46 - j. Calculate the highest common divisor of i and 10.
5
Let a be (4 + -12)/(7/(-21)). Let q be 4/(-6) + 350/21. Calculate the highest common divisor of q and a.
8
Let r be (-8)/30*-10*15/2. Calculate the highest common factor of 270 and r.
10
Suppose i + 9 = -4*g + 330, 3*i + 64 = g. What is the highest common divisor of g and 79?
79
Let m = 222 + -220. What is the highest common divisor of 1 and m?
1
Let f = 77 - 47. Calculate the greatest common divisor of 150 and f.
30
Suppose -2*y + 5*y = 2*c - 26, -44 = 5*y - 3*c. Let z be 0/(-1) + (0 - y). Let t = -36 + 46. What is the highest common factor of z and t?
10
Suppose -20*c = -15*c - 90. Let x = -16 + c. What is the greatest common divisor of x and 10?
2
Let j = 29 - 26. Let y be (3 - 2) + 0 + j. Calculate the highest common factor of 20 and y.
4
Let t(b) = 5*b**2 + 7*b + 16. Let m(y) = -2*y**3 - y**2 - y. Let q be m(1). Let x be t(q). What is the greatest common factor of x and 102?
34
Suppose 0 = 10*h - 115 - 25. Let c be (64/2)/(4 - h/4). Calculate the greatest common divisor of 16 and c.
16
Let j be (-25)/(-10)*(-1 + (-11)/(-5)). Suppose 4*h - 4*i + 28 = 0, 4*i = 3*h + 2*h + 31. Let g = -2 - h. Calculate the highest common factor of g and j.
1
Let q(o) = -125*o - 498. Let h be q(-7). What is the greatest common divisor of 29 and h?
29
Suppose 4 = 2*p, -8*p = -5*o - 12*p + 308. What is the greatest common divisor of 228 and o?
12
Let f(v) = 2*v**2 + 9*v + 9. Let s(c) = c**2 + 4*c + 4. Let l(w) = -2*f(w) + 5*s(w). Let b be l(-3). What is the highest common factor of b and 25?
5
Let m(a) = 4*a**2 - 13*a + 3. Let u be m(5). What is the greatest common divisor of 95 and u?
19
Let q = 12 - 9. Let n be q/(-2) + 14/4. Suppose n*f = 3*o - 374, -2*f + 138 = o - 0*f. What is the highest common divisor of o and 16?
16
Let g be (-10 - -4)*(-16)/6. What is the highest common factor of g and 12?
4
Let b be -38 + (-1 - 2/(-1)) + -1. Let j be (-2)/1*(3 + b/4). What is the greatest common divisor of 1 and j?
1
Let i(t) = -24*t + 175. Let b be i(5). Calculate the highest common factor of b and 33.
11
Let m = -20 + 59. Let k = 204 - m. What is the highest common divisor of k and 15?
15
Let b(r) = 9*r + 1. Let g be b(1). Let z be 30 + (60/(-3))/4. Let a = -10 + z. Calculate the highest c